n h(5) is divided by 164.
160
Let w(d) = -2*d**3 + 4*d**2 - d - 4. Let c(y) = -9*y + 3. Suppose 5*q = -5*z - 30, 5*z - 2*q + 18 = -q. What is the remainder when w(-4) is divided by c(z)?
36
What is the remainder when -2 + 28/15 + 2285716/4170 is divided by 69?
65
Let g = -315 - -499. Suppose 5*i + 4*c = -0*i + 850, 2*c + g = i. Calculate the remainder when i is divided by (-1 + -49)/2*-1.
24
Calculate the remainder when 1013/(708/59 + (-11 - 0)) is divided by 40.
13
Suppose 4*x + 4*u + u + 9 = 0, 0 = 2*x + 2*u + 2. Suppose x*k - 3*b - 209 = 0, -235 = -5*k - 3*b - 2*b. What is the remainder when k is divided by 6?
2
Let r be (((-3)/6)/1)/(20/3200). What is the remainder when 178/(-5)*200/r is divided by 30?
29
Let k = -1 + -2. Let q(j) = j**2 - j. Let y(g) = -2*g**3 + 4*g**2 - 9*g + 1. Let m(o) = -5*q(o) + y(o). Calculate the remainder when m(k) is divided by 15.
13
Let w = 634 + -516. Suppose -7*a + 67 + 52 = 0. Calculate the remainder when w is divided by a.
16
Suppose 4*s = 35 + 17. What is the remainder when ((-136)/119)/4 - (-870)/7 is divided by s?
7
Let a = 118 - 84. Suppose -3*i + x - 3 + 4 = 0, -5*x = i + 5. What is the remainder when 3/(i + 3/167) is divided by a?
31
Suppose -5*q - 51 = -31, 5*q - 200 = -4*t. Calculate the remainder when t is divided by 42.
13
Let w(l) = -69*l - 1592. Calculate the remainder when w(-25) is divided by 52.
29
Let v = -61 - -29. Suppose 5*q + h - 116 = 0, 5*h - h - 32 = -2*q. What is the remainder when ((-162)/15)/((v/60)/4) is divided by q?
9
Suppose -2*l + 2*p - 6*p = 4096, 6136 = -3*l - 2*p. What is the remainder when 333 is divided by l/(-70) - 12/10?
25
Suppose 0 = 20*d - 309 - 71. What is the remainder when 261 is divided by d?
14
Let i be (-2)/7 - (-4830)/98. Suppose 4*u - 2*g - 19 = i, 99 = 5*u + g. What is the remainder when 6/4*(-148)/(-6) is divided by u?
18
Let z = 9653 - 9592. Calculate the remainder when 6707 is divided by z.
58
Let y be -4 + 3/12*52. Let d(c) = c**2 - 6*c + 31. What is the remainder when d(y) is divided by 32?
26
Let f = 2697 + -2617. Calculate the remainder when 1662 is divided by f.
62
Suppose 53*h = 17*h - 42*h + 354510. Calculate the remainder when h is divided by 70.
65
Let a = 24687 - 23093. What is the remainder when a is divided by 26?
8
Suppose -6*t - 602 = -728. Calculate the remainder when 1752 is divided by t.
9
Suppose 0 = -14*i + 15*i - 2*v - 4, 0 = -2*i - v + 33. Let y be (144/(-20))/(1/5). Calculate the remainder when 2/8 - 1395/y is divided by i.
11
Suppose 3*j = 3*v - 0*v, j + 8 = 3*v. Suppose s + 66 = 5*f, -s + 60 = -0*f + j*f. What is the remainder when 78/8*2*2 is divided by f?
11
Let i(u) = -5*u - 20. Let k = -119 - -114. What is the remainder when i(k) is divided by 3?
2
Suppose 60*g - 22*g = 9659 + 6187. Calculate the remainder when g is divided by 71.
62
Suppose 0 = -2*t + t + 16. Let r(c) = -c + 48. Let f = 20 - 13. What is the remainder when r(f) is divided by t?
9
Suppose 43*y - 93*y + 4600 = 0. Calculate the remainder when 2667 is divided by y.
91
Calculate the remainder when ((-345)/(-12))/(13/52) is divided by 99.
16
Let h be 6/10 - 72396/(-90). Calculate the remainder when h/4 - (5 - 133/28) is divided by 69.
63
Suppose -12*l + 16 = -8*l - 2*a, 5*a = 5*l - 5. Let j(p) = 3*p - 6. Let x be j(6). Suppose x*u = l*u + 140. Calculate the remainder when u is divided by 5.
3
What is the remainder when (9 + -2)*7200/315 is divided by 61?
38
Let i = -3954 + 4084. What is the remainder when 480 is divided by i?
90
Let y = -53 - -74. Let t = 677 - 525. What is the remainder when t is divided by y?
5
Let m(z) = 17*z + 6. Let p(u) = -u**3 + 2*u**2 + 24*u + 1. Let n be p(6). Calculate the remainder when 43 is divided by m(n).
20
Let j(z) = -z**3 - z**2 - z + 20. Suppose 22*x - 4623 = -44*x - x. What is the remainder when x is divided by j(0)?
9
Let c = -670 - -1206. Suppose 4*g = 4*j + 540, -4*g = -4*j + 2*j - c. What is the remainder when g is divided by -54*(1 + 7/((-14)/3))?
25
Suppose 5*l = -14*l + 18126. What is the remainder when (-3)/(27/(-4)) + 64448/l is divided by 25?
18
Let l(i) = 50*i - 5. Let j be l(2). Let o = j + -67. What is the remainder when 165 is divided by (-4)/7 + 1192/o?
39
Suppose 3*h - 196 - 38 = 0. Suppose -5*a = 4*l - h, l + 5*a = 22 + 5. Calculate the remainder when 64 is divided by l.
13
Suppose -11*v - 14*v - 1400 = 0. Calculate the remainder when 32 is divided by (-5)/2 + -2*378/v.
10
Let b = -15 - -45. Let x = -13467 - -13585. What is the remainder when x is divided by b?
28
Suppose -128 = -4*p - 5*w, -5*p = 5*w - 0*w - 165. Calculate the remainder when p is divided by 400/96 + (-20)/(-24).
2
Let i(c) = -2*c**3 - 16*c**2 - 4*c + 13. Let z = -487 + 479. What is the remainder when i(z) is divided by 22?
1
Let r = -6255 + 6341. What is the remainder when r is divided by 36?
14
Let y(c) = 4*c**2 + 23*c - 3. Suppose 0 = 6*i - 37 - 47. Let g = -4 + i. Calculate the remainder when y(-7) is divided by g.
2
Let u(b) = -10*b**3 + 6*b**2 + 41*b - 13. What is the remainder when u(-3) is divided by 11 + 1 - (3 - 1)?
8
Let f = -14638 + 34315. Calculate the remainder when f is divided by 60.
57
Let a(t) = t**2 + 10*t - 2040. Let v = 79 + 71. Calculate the remainder when v is divided by a(-51).
48
Calculate the remainder when 1565 is divided by 90/255 + (-13690)/(-34).
356
Suppose 4*y = 4*u + 592, 5*y - 91*u + 93*u = 747. Calculate the remainder when y is divided by 74.
1
Let f = 643 + -655. What is the remainder when 110 is divided by (f/(-3)*-1)/(1/(-4))?
14
Suppose -16*o - 242 + 339 = -447. What is the remainder when 609 is divided by o?
31
Let h(u) = 55*u + 1046. Calculate the remainder when 1018 is divided by h(-1).
27
Suppose 48*q = 5*q + 144652. What is the remainder when q is divided by 91?
88
Let x(r) = r**3 + 23*r**2 - 51*r + 2. Let y be (-12)/(-54)*9 + -27. What is the remainder when 485 is divided by x(y)?
26
Suppose 15 = 4*m + 3*s, 0 = -4*m + 2*s + 9 + 1. Suppose 0 = -l - 5*a + m*a + 32, 0 = -a - 3. Suppose y - 17 = -2. What is the remainder when l is divided by y?
8
Let h(v) = -2230*v + 930. Calculate the remainder when h(-1) is divided by 450.
10
Suppose 57*f + 1774 = 51*f + 31702. What is the remainder when f is divided by 161?
158
Let n be (-2)/(0 + 2) + 81. Suppose 0 = 114*g - 93*g - 84. Suppose 0 = -4*x + g*d + n, d + 0 = -5*x + 82. Calculate the remainder when x is divided by 9.
8
Suppose 221*d + 54293 = 144148 + 308608. What is the remainder when d is divided by 22?
21
Let a = 8232 - 8156. What is the remainder when 1516 is divided by a?
72
Suppose 3*f + 5*v = 977, -2*v = -4*f + 632 + 636. What is the remainder when 1279 is divided by f?
3
Let x(h) = 2*h + 48. Let q be x(-7). Suppose 1515 = q*g - 2191. Calculate the remainder when g is divided by 36.
1
Let c = 312 - 213. Suppose a = v + c, -6*v + v - 497 = -3*a. Calculate the remainder when 9 is divided by (-1 - 52/(-44)) + v/(-55).
1
Let s = 112 + 27. What is the remainder when s is divided by (1 - 19/5)/(-3 - 1806/(-630))?
13
Let a(k) = 3*k - 55. Let t be a(19). Suppose -c = 4, 5*c = 5*z + t*c + 163. Let s = z - -118. Calculate the remainder when s is divided by 21.
20
Suppose -p + 10 - 42 = 0. Let y be 6/(-8)*p/12. Suppose -4*v - 2 = 2*j - 5*j, 9 = 5*v + y*j. What is the remainder when 4 is divided by v?
0
Let m(a) = 5*a**2 + 3*a + 3. Let h = 3 + -6. Suppose 0 = 20*l - 74*l + 1080. Calculate the remainder when m(h) is divided by l.
19
What is the remainder when 2962 is divided by (-1 + 2 - 0)/(-26 + 2967/114)?
36
Calculate the remainder when (-446 + 0 - -6)*6/(-10) is divided by 37.
5
Let a(i) = 18*i**2 + 387*i + 2147. Let s = 22 - 8. Calculate the remainder when a(-7) is divided by s.
12
Suppose -5*c + 9 = -4*h, h - 2*c + 0 = -6. What is the remainder when 99 is divided by h?
3
Suppose 41810 = 38*m + 75*m. What is the remainder when m is divided by 43?
26
Suppose 5*i = 4*o - 5*o + 12117, i - 2409 = -5*o. Suppose -11*s = 323 - i. Calculate the remainder when s is divided by 32.
31
Let z(d) = 2*d**2 - 9*d + 7. Suppose -4*r + 3*q = -79, -9*q = -r - 12*q + 1. What is the remainder when z(6) is divided by r?
9
Suppose 0 = -86*u + 75*u - 88. Calculate the remainder when 11/(-44) - 898/u is divided by 57.
55
Suppose -3*p - p - 80 = -w, -w + 50 = 2*p. What is the remai